452 a multiple of 3?
False
Is 79454 a multiple of 16?
False
Is 18 a factor of 20613?
False
Is 26 a factor of 153377?
False
Is 104 a factor of 47833?
False
Is 15 a factor of 124428?
False
Is 5 a factor of 130945?
True
Does 360 divide 7203857?
False
Is 20 a factor of 383660?
True
Is 8 a factor of 85792?
True
Is 162 a factor of 1211271?
False
Is 240 a factor of 1442075?
False
Does 106 divide 9487000?
True
Is 6136962 a multiple of 78?
True
Is 1093532 a multiple of 239?
False
Is 105 a factor of 19950?
True
Is 117707 a multiple of 515?
False
Is 205517 a multiple of 13?
True
Does 9 divide 79576?
False
Does 110 divide 5198600?
True
Is 215 a factor of 445695?
True
Does 16 divide 188320?
True
Is 42 a factor of 4142544?
True
Is 194250 a multiple of 250?
True
Does 692 divide 9806874?
False
Does 10 divide 126400?
True
Does 87 divide 1381969?
False
Is 15 a factor of 393214?
False
Does 20 divide 1899105?
False
Does 247 divide 878579?
True
Is 88605 a multiple of 15?
True
Is 156205 a multiple of 13?
False
Is 6298082 a multiple of 13?
False
Is 271 a factor of 2122214?
False
Is 211515 a multiple of 885?
True
Does 330 divide 164136?
False
Is 7 a factor of 149746?
False
Is 49656 a multiple of 7?
False
Is 66 a factor of 453552?
True
Does 6 divide 1001036?
False
Is 184568 a multiple of 33?
False
Does 229 divide 245030?
True
Does 136 divide 174607?
False
Does 23 divide 8719530?
True
Is 48250 a multiple of 14?
False
Does 1519 divide 1593386?
False
Does 23 divide 5571101?
False
Is 218 a factor of 107097?
False
Is 248 a factor of 1035152?
True
Is 59 a factor of 102424?
True
Does 219 divide 62634?
True
Is 19 a factor of 518092?
True
Does 9 divide 22935?
False
Is 57 a factor of 226746?
True
Is 19 a factor of 220020?
True
Is 321 a factor of 306876?
True
Does 64 divide 63349?
False
Does 37 divide 25949210?
True
Does 7 divide 6678371?
True
Is 375285 a multiple of 21?
False
Is 89647 even?
False
Does 127 divide 20489329?
False
Does 110 divide 203500?
True
Is 377 a factor of 1152489?
True
Is 8 a factor of 89676?
False
Is 6 a factor of 55752?
True
Does 606 divide 64100?
False
Is 14 a factor of 244510?
True
Does 22 divide 15292728?
True
Does 1206 divide 5073642?
True
Is 9442728 a multiple of 12?
True
Is 16 a factor of 6268292?
False
Is 69 a factor of 4183849?
False
Is 790890 a multiple of 246?
True
Is 509973 a multiple of 4?
False
Is 14 a factor of 310856?
True
Is 371 a factor of 156311?
False
Is 196369 a multiple of 72?
False
Does 290 divide 66410?
True
Does 8 divide 96106?
False
Is 316212 a multiple of 39?
True
Is 21290 a multiple of 10?
True
Is 5965358 a multiple of 247?
False
Does 9 divide 2010753?
True
Is 10 a factor of 2925620?
True
Is 4 a factor of 4088828?
True
Is 316 a factor of 134932?
True
Is 1150 a factor of 5678051?
False
Is 120 a factor of 85560?
True
Does 104 divide 779065?
False
Is 233196 a multiple of 170?
False
Is 420 a factor of 8248800?
True
Does 282 divide 12394533?
False
Is 18 a factor of 287176?
False
Is 3441581 a multiple of 11?
True
Is 3610 a multiple of 5?
True
Is 8 a factor of 14277512?
True
Is 2447588 a multiple of 121?
True
Is 495 a factor of 806355?
True
Does 1742 divide 15517736?
True
Is 13843916 a multiple of 163?
True
Is 1018874 a multiple of 5?
False
Does 53 divide 1913725?
False
Is 4669500 a multiple of 750?
True
Is 110 a factor of 89540?
True
Is 3677964 a multiple of 93?
True
Is 20 a factor of 1771855?
False
Is 710 a multiple of 4?
False
Does 678 divide 247439?
False
Does 980 divide 2026681?
False
Is 6 a factor of 28512?
True
Is 226341 a multiple of 303?
True
Is 6310 a multiple of 26?
False
Does 17 divide 127153?
False
Is 51537 a multiple of 14?
False
Does 4 divide 2266881?
False
Is 23013 a multiple of 9?
True
Is 196850 a multiple of 14?
False
Does 82 divide 714468?
False
Does 2320 divide 17054320?
True
Is 281 a factor of 4820477?
False
Does 3 divide 2375496?
True
Is 173664 a multiple of 201?
True
Is 143458 a multiple of 91?
False
Is 425452 a multiple of 308?
False
Is 5 a factor of 189995?
True
Is 6 a factor of 752112?
True
Is 7 a factor of 972607?
False
Does 2 divide 21277?
False
Does 807 divide 2001360?
True
Is 471 a factor of 3085932?
False
Is 1000759 a multiple of 1016?
False
Is 11212328 a multiple of 10?
False
Is 220 a factor of 336160?
True
Is 2 a factor of 42121?
False
Is 362429 a multiple of 72?
False
Is 16 a factor of 5537296?
True
Is 713 a factor of 2951267?
False
Is 460 a factor of 827974?
False
Does 25 divide 654725?
True
Is 388 a factor of 509444?
True
Is 211421 a multiple of 176?
False
Is 5 a factor of 102289?
False
Does 200 divide 3731067?
False
Does 2221 divide 25756937?
True
Does 1096 divide 6351968?
False
Is 10 a factor of 8599280?
True
Is 8 a factor of 377784?
True
Is 112 a factor of 15456?
True
Does 43 divide 128184?
False
Is 1296109 a multiple of 121?
False
Is 115447 a multiple of 240?
False
Does 993 divide 2029616?
False
Does 51 divide 52224?
True
Does 640 divide 9038842?
False
Is 1723 a factor of 8055025?
True
Does 119 divide 2869090?
True
Is 53640 a multiple of 5?
True
Is 207302 a multiple of 8?
False
Is 26 a factor of 9330741?
False
Does 30 divide 2447190?
True
Does 329 divide 3386711?
False
Is 42 a factor of 3376422?
True
Does 9 divide 8631?
True
Is 153891 a multiple of 27?
False
Is 96 a factor of 1861440?
True
Does 622 divide 22469802?
False
Is 1604977 a multiple of 649?
True
Is 1446944 a multiple of 11?
False
Is 954 a factor of 3918149?
False
Is 310 a factor of 5498160?
True
Is 12 a factor of 446623?
False
Is 149 a factor of 38144?
True
Is 11 a factor of 171864?
True
Is 1844430 a multiple of 210?
True
Is 238 a factor of 231805?
False
Is 994 a factor of 19143584?
False
Is 453 a factor of 946317?
True
Is 12 a factor of 654048?
True
Is 2065580 a multiple of 310?
False
Does 20 divide 411259?
False
Is 4442574 a multiple of 178?
False
Is 13 a factor of 164661?
False
Is 18 a factor of 921582?
True
Is 37 a factor of 172087?
True
Is 19 a factor of 177023?
True
Is 58511 a multiple of 6?
False
Is 422 a factor of 16286237?
False
Is 142483 a multiple of 11?
True
Is 82 a factor of 25361?
False
Does 66 divide 5423154?
True
Is 5 a factor of 17567?
False
Is 266560 a multiple of 39?
False
Is 363376 a multiple of 208?
True
Does 38 divide 167279?
False
Does 323 divide 975460?
True
Is 28 a factor of 230608?
True
Is 133628 a multiple of 22?
True
Does 10 divide 577180?
True
Is 40 a factor of 30880?
True
Does 8 divide 1545728?
True
Does 389 divide 1785859?
False
Is 14 a factor of 611971?
False
Is 955092 a multiple of 19?
True
Is 355698 a multiple of 27?
True
Is 115560 a multiple of 52?
False
Is 47897 a multiple of 5?
False
Is 350 a factor of 49700?
True
Does 32 divide 1560306?
False
Is 67 a factor of 1740996?
False
Is 36 a factor of 717336?
True
Does 185 divide 985680?
True
Is 118039 a multiple of 41?
True
Does 5 divide 20930?
True
Does 23 divide 186300?
True
Is 9 a factor of 433002?
False
Is 1045848 a multiple of 12?
True
Is 234865 a multiple of 20?
False
Is 284639 a multiple of 211?
True
Is 184313 a multiple of 76?
False
Is 779241 a multiple of 327?
True
Is 30 a factor of 169230?
True
Does 39 divide 1964715?
False
Is 3090061 a multiple of 65?
False
Is 402 a factor of 184901?
False
Does 95 divide 141520?
False
Is 11 a factor of 10604?
True
Does 28 divide 2550?
False
Is 1903430 a multiple of 131?
True
Does 31 divide 111772?
False
Does 667 divide 2991579?
False
Is 20222405 a multiple of 31?
False
Is 1095 a factor of 14634675?
True
Is 19754350 a multiple of 77?
True
Is 23 a factor of 522466?
False
Is 68 a factor of 1379380?
True
Does 592 divide 16941448?
False
Is 343959 a multiple of 259?
False
Is 71 a factor of 20152?
False
Is 3793920 a multiple of 95?
True
Is 49 a factor of 585992?
False
Does 182 divide 774527?
False
Does 10 divide 38210?
True
Is 5359520 a multiple of 41?
True
Is 15633 a multiple of 310?
False
Is 13 a factor of 407784?
True
Does 547 divide 256066?
False
Is 59276 a multiple of 83?
False
Is 114 a factor of 38459?
False
Does 557 divide 3416210?
False
Is 4656665 a multiple of 3?
False
Does 213 divide 4465434?
False
Is 23163 a multiple of 5?
False
Is 189902 a multiple of 104?
False
Does 971 divide 6508613?
True
Is 2447411 a multiple of 257?
True
Is 469545 a multiple of 6?
False
Is 18 a factor of 1254424?
False
Does 44 divid